). Suppose -53 = -b + 2*i, i + t = 4*b - 3*i. What is the tens digit of b?
5
Let r = 3 - 2. Let k(u) = -33*u**3 - 2*u**2 - u. Let x(h) = -133*h**3 - 9*h**2 - 5*h. Let w(l) = -9*k(l) + 2*x(l). What is the units digit of w(r)?
0
Let a(c) = c**2 + c + 1. Let q be 2 + (1*-9)/3. Let g be 60/18 - q/(-3). What is the tens digit of a(g)?
1
Suppose r - 3*p = 436 - 30, 3*r - 1224 = 3*p. What is the units digit of r?
9
Suppose 0 = -3*n + 12, 824 = 4*g + 20*n - 15*n. What is the units digit of g?
1
Suppose -14*m = -11*m. Let t = 3 + -1. Suppose t*z + 2*z + 32 = 4*u, -4*u - 4*z + 16 = m. What is the units digit of u?
6
Suppose -3*x + 2*s = -1764 - 117, 5*s - 15 = 0. What is the units digit of x?
9
Let t = -14 - -26. What is the tens digit of 3 - ((-4)/t - (-537)/(-9))?
6
Suppose 3*n = -s + 4 + 21, -27 = -5*n + 2*s. What is the hundreds digit of n/((-7)/(-2))*94?
1
Let a(o) = o**2 + o + 5. Let n be a(0). Suppose d = n*d - 352. What is the tens digit of d?
8
Let c be (-1 - 1)*-4 + -3. Let a be ((-1)/3)/(c/(-90)). What is the units digit of a/(2*12/80)?
0
Let x(m) = -4*m**3 - 10*m**2 - 4*m - 6. Let w(b) = 11*b**3 + 29*b**2 + 12*b + 18. Let o(v) = 3*w(v) + 8*x(v). What is the units digit of o(-5)?
6
Suppose 5*g = 2*g - 30. Let u = 7 + g. What is the units digit of 13/4 + u/12?
3
Suppose -6*b + 149 = 29. What is the units digit of b*(-1 + 28/20)?
8
Suppose -40 = 5*n - 2*t, -7*t + 50 = -5*n - 3*t. Let u(c) be the second derivative of -c**3/2 + c**2 - 77*c. What is the units digit of u(n)?
0
Suppose 2*q + 77 = -33. What is the units digit of 4/1 - 6*q?
4
Suppose s - 5*j - 849 = 0, 5*j + 0*j = -2*s + 1683. What is the hundreds digit of s?
8
Let m(b) = 2*b**2 - b + 13. What is the units digit of m(-11)?
6
Let v(m) = -19 - 5 + 34*m - 55*m + 66*m. What is the hundreds digit of v(6)?
2
Let n be 3 + 1 + (-250)/10. Let s = -18 - n. Suppose -s*t + o = -26, -4*o + 8*o + 34 = 2*t. What is the units digit of t?
7
Let j(k) = 9*k - 12. Let l be j(4). Let x = 1 + -1. Let g = l + x. What is the tens digit of g?
2
Let z(c) = 8*c + 4. Let y be z(3). Let v be -1 - 1 - (1 + 18/2). Let p = v + y. What is the tens digit of p?
1
Let c = -7 - -7. Suppose 2*x = -c*x + 32. What is the units digit of (0 - -3) + x - -1?
0
Suppose 4 + 6 = -5*j. Let a(v) be the second derivative of v**4/3 - v**3/6 - v**2/2 - 12*v. What is the tens digit of a(j)?
1
Let k(c) be the second derivative of 11*c**4/12 - c**3/3 - 7*c**2/2 + 6*c. What is the tens digit of k(-3)?
9
Let f(u) = -u**3 + u**2 + 4*u - 2. Let b be f(2). Suppose 2*w - 166 = -2*m, 0*m + 194 = b*w - 5*m. What is the units digit of w?
7
Suppose 5*b = -2*t - 25, 4*b = 4*t + t + 13. Let u(v) = -5*v**2 - 3*v + 3. Let x be u(b). Let j = 54 + x. What is the units digit of j?
1
Let i(r) = r - 13. Let q be i(6). Let l = 7 + q. Suppose j + l*j = 54. What is the units digit of j?
4
Suppose -5*p + p + 432 = 0. Suppose 15*s = 13*s + p. What is the tens digit of s?
5
Let d(m) = 16*m**3 - m**2 + m - 1. Let i be d(1). Suppose 5*f + 2*l - 7*l - i = 0, -4*f - 3*l = -26. Suppose -7 - 168 = -f*o. What is the tens digit of o?
3
Suppose 5*n = 4*n + 5. Let p be (-2)/4 + n/10. Suppose 5*m + 3*r - 5*r - 55 = p, 2*m - 13 = -r. What is the units digit of m?
9
What is the tens digit of 868357/399 - 1/3?
7
What is the tens digit of -500*(5 + (-207)/36)?
7
Suppose -17 - 27 = 4*b. Let n = -6 - b. Suppose 2*w - 15 + 1 = n*k, 5*k + 26 = 3*w. What is the units digit of w?
2
Suppose -v - 8*v = -171. What is the units digit of (v - -5)*9/4?
4
Suppose 46*o + 10*o - 64400 = 0. What is the thousands digit of o?
1
Suppose 5*x + 20 = -5*k, 0*k - 2 = 2*k. Let j(t) be the third derivative of -5*t**4/12 + 7*t**3/6 + 120*t**2. What is the units digit of j(x)?
7
Suppose 3*a + a + 24 = 0. What is the tens digit of (3 + 1 + a)/((-4)/254)?
2
Let t = -17 - -44. Suppose -12*p - 645 = -t*p. What is the tens digit of p?
4
Suppose 5*c - 5*g - 1181 - 504 = 0, -g + 665 = 2*c. What is the hundreds digit of c?
3
Suppose l - 3*y - 174 = 283, -5*y = 5*l - 2325. What is the tens digit of l?
6
Let g(a) be the second derivative of 13*a**3/3 + a**2 - 11*a. Suppose 0 = -z - 1 + 3. What is the tens digit of g(z)?
5
Let m = -1615 - -2917. What is the hundreds digit of m?
3
Suppose -4*m + 5*p - 112 = p, 32 = -m + 2*p. Let f = m + 12. Let q(t) = -t**3 - 12*t**2 - 4*t - 16. What is the units digit of q(f)?
2
Let a(g) be the first derivative of 3*g**4/4 - 5*g**3/3 + 3*g**2/2 - 10*g - 8. What is the tens digit of a(4)?
1
Suppose 2*y = -2*u, -2*u + 7*u - y = 0. Let i(j) = j**2 + 3*j - 66. Let m be i(u). Let n = 96 + m. What is the units digit of n?
0
Let h be (-2)/4 - 130/20. Let r = h + 92. What is the units digit of r?
5
Let d(v) = -v**3 + 17*v**2 - 31*v - 19. What is the hundreds digit of d(10)?
3
Let h = -21 + 41. Let a = -23 + h. What is the tens digit of 0/a - -13*5?
6
Let v = -435 + 3922. What is the hundreds digit of v?
4
Suppose 22*f - 2203 - 7103 = 0. What is the hundreds digit of f?
4
Let o(c) = -8*c + 12. Let i be o(7). Let b = i - -57. What is the units digit of b?
3
Suppose -4*p + 6811 = 3*p. What is the units digit of p?
3
Suppose a + 3*j = 12, -5*j = -a + 2*a - 18. Suppose 2*f = a*f - 47. What is the tens digit of f?
4
Let h(a) be the first derivative of 5*a**2/2 - 6*a + 3. Let i be h(7). What is the units digit of 3/1 + i*1?
2
Let o(s) = -20*s - 102. What is the tens digit of o(-11)?
1
Let w = 1385 - -831. What is the thousands digit of w?
2
Suppose 0 = -i - 1168 + 4734. What is the tens digit of i/14 + (-2)/(-7)?
5
Let n = 4295 - 2164. What is the units digit of n?
1
Let k = -12 + 15. Let i be 8 - (-2)/((-6)/k). Let x = i - -17. What is the units digit of x?
4
Let l be (-2)/5 + 88/20. Suppose -l*v - j + 310 = v, 4*v + j - 248 = 0. What is the units digit of v?
2
What is the hundreds digit of 234/27*(-2 + 3 - -110)?
9
Let g(t) = 3*t - 3. Let y = -15 - -8. Let d be g(y). What is the tens digit of (-772)/d + 2/(-12)?
3
What is the units digit of (1/(-3))/((-34)/2244)?
2
Let p(f) = -f**3 + 20*f**2 + 6*f - 37. What is the tens digit of p(8)?
7
Let s(k) be the first derivative of k**4/4 - 5*k**3 - 13*k**2/2 + 13*k - 3. What is the units digit of s(16)?
1
Let w(n) = 4*n**2 + 6*n + 9. Let q be w(-2). Suppose 0 = q*j - 16*j + 708. What is the hundreds digit of j?
2
Let a(b) = 3*b**2 + b + 1. Let r = 38 - 35. What is the units digit of a(r)?
1
Let z(a) = a**3 + 11*a**2 + 8*a. Let i be z(-9). Let j(x) = x**3 - 5*x**2 + 5*x - 1. Let w be j(4). Suppose l + i = w*l. What is the units digit of l?
5
Suppose 5*x = 7*x. Suppose -2*y - 3*i + 60 = -y, x = 2*y + i - 100. What is the units digit of y?
8
Suppose -4*g + v + 36 = -3*v, 0 = 2*v - 8. Let h be 3/(-9)*(2 + g). What is the tens digit of (1 + h)*115/(-20)?
2
Suppose -4*b + 39 = 3*q + 21, -b - 7 = -5*q. Let m = -11 + 16. Suppose 4*z = -m*n + 290, -z - q*z + 5*n + 200 = 0. What is the units digit of z?
0
Let g = 11 + -28. Let a = g - -22. Suppose q + 2*i - 9 = 0, 4*q - 12 - 21 = -a*i. What is the units digit of q?
7
Let q(u) = -42*u + 18. Let s be q(-5). Let t = -86 + s. What is the units digit of t?
2
Suppose 0*f + 69 = -f + 2*g, -271 = 4*f - 3*g. Let p = f - -22. What is the units digit of (-591)/p + 2/(-15)?
3
What is the hundreds digit of ((-389)/4 + -5)/((-2)/8)?
4
Let c = -696 - -1689. What is the tens digit of c?
9
Suppose 5*o + 4*n = 966, -5*n + 7*n = -4*o + 768. Let f = o - 158. What is the tens digit of f?
3
Let v(w) = 3*w**2 + 11*w - 12. What is the tens digit of v(-15)?
9
Suppose 0 = 3*j - 8 + 23, -2*t + 2*j = -10. Suppose 4*r - 2*c = 16, t*c + 2 = -3*r - 2*c. Suppose 22 = r*p - 22. What is the tens digit of p?
2
Suppose -5*m = -r - 3*r + 8821, -4*r - 4*m + 8812 = 0. What is the thousands digit of r?
2
Suppose -2*v - 3*f = -2499, 4 = -4*f - 8. What is the thousands digit of v?
1
Let s(y) = 2*y**2 + 7*y - 118. What is the units digit of s(-19)?
1
Let i be ((-30)/9)/((-12)/18). Suppose -45 = i*y + 3*d - 702, 127 = y + 5*d. What is the tens digit of y?
3
Let h = 483 - 255. Suppose 3*d = d + 3*l + h, -5*d - 5*l + 620 = 0. What is the units digit of d?
0
Suppose -25648 = -8*y - 20*y. What is the hundreds digit of y?
9
Suppose 4*k + 5 = z, -5*k + 3*z - 7 = 2*z. Let l be 4 + -3 + k + 82. Suppose 0 = 5*j - 94 - l. What is the units digit of j?
5
Suppose